 -6*f - 2. Let j(w) = -2*w - 1. Let s(y) = -8*j(y) + 3*z(y). What is s(l)?
6
Let z(h) = 4*h**3 - h**2 + 1. Let s = -5 - -6. Let w be z(s). Let i(u) = -u - 3. Give i(w).
-7
Let a(f) = -2*f + 6. Let l be a(6). Let j(q) be the first derivative of q**4/4 + 5*q**3/3 - 5*q**2/2 + 2*q + 46. Calculate j(l).
-4
Let y = 14 - 7. Let b(a) = 2*a**3 + 3 + y*a - 6*a - 3*a**2 - 3*a**3. Determine b(-3).
0
Let k(m) = 90 + m - 4*m**2 - m**3 - 95 - m. Give k(-4).
-5
Let p(q) = -q**3 - 10*q**2 - 8*q + 11. Let s be p(-9). Suppose 0 = i + 2*r - 14, s*r + 5 = 5*i - r. Let l(x) = -x**3 + 4*x**2 + 2*x - 5. What is l(i)?
3
Let s(p) = -p**2 + 4*p - 4. Suppose -4*x - a = 3*a + 12, -x - 2*a = 5. Let b be 4*(-2)/(-4) + x. Let d be (-2 + b)/(1/(-3)). Calculate s(d).
-1
Let u(h) = -3*h**2 - 5 + 0 - 156*h + 4*h**2 + 152*h. Determine u(4).
-5
Suppose 5*u - 12 + 2 = 0. Let j(q) = 1 + 1 - 3 + u*q. What is j(-1)?
-3
Let h(o) = -2*o**2 + 5*o + 5. Let v be h(3). Let q(p) = 2*p**2 - p + 1. What is q(v)?
7
Let t(x) = x - 8. Let a be (2 - -2)*2*5/4. Give t(a).
2
Suppose 3*c - 5*c = -4. Let a(t) be the second derivative of t**5/60 - t**3/6 + t**2/2 - t. Let m(b) be the first derivative of a(b). What is m(c)?
3
Suppose -5*l + 4*c = 50, -4*l - 3*c - 3 = -l. Let y(v) be the second derivative of v**5/20 + 7*v**4/12 + 2*v**3/3 - 3*v**2 - v. What is y(l)?
6
Let s(z) be the second derivative of -z**5/60 - 5*z**3/6 + 7*z**2/2 - 4*z. Let i(g) be the first derivative of s(g). Give i(0).
-5
Let i(j) = j**3 + 5*j**2 + 1. Suppose 5*g - g - 5*r + 10 = 0, 2*g - 4 = -2*r. Suppose -16 = 4*c - w, g = 3*c - 2*w + 7. Calculate i(c).
1
Let g(d) be the second derivative of -1/3*d**3 + 3*d - d**2 + 0 - 1/12*d**4. Let a(l) be the first derivative of g(l). Calculate a(-4).
6
Let k(w) = 5*w**2. Let r(n) = 2*n - 4. Let g be r(4). Suppose f - g = 0, -8*p - f = -3*p - 9. Determine k(p).
5
Suppose -f = 4*f - 10. Let a(k) = -k**f + 21*k - 14*k - 6 - 2. Give a(6).
-2
Let h(r) = r - 2. Suppose -4*u = 4*z + 10 - 30, 0 = -2*z + 5*u - 11. Give h(z).
0
Let n(a) be the third derivative of a**7/5040 - a**6/720 + a**5/20 + a**2. Let h(g) be the third derivative of n(g). Calculate h(2).
1
Let k(d) = d**2 - 9*d + 1. Let r = 22 + -14. Give k(r).
-7
Let g(j) = j + 7. Let v(n) = -n**3 + 12*n**2 - 11*n - 12. Let q be v(11). Let o = q + 12. Calculate g(o).
7
Let b = 25 + -39. Let m be b/(-3) + 6/(-9). Let j be 3 + -1 + -2 + m. Let r(p) = -p**3 + 5*p**2 - 2*p - 5. Give r(j).
3
Let r(d) = -d**3 + d**2 - d - 9. Let y be r(0). Let n be y/(-36) - (-19)/4. Let h(c) = c**3 - 4*c**2 - 2*c - 6. Determine h(n).
9
Suppose g + 13 = -4*b - 0*g, 0 = b + 5*g + 8. Let q(k) = k - 1. Determine q(b).
-4
Let q(p) = 5*p - 9. Let v(w) = -11*w + 19. Suppose 4*m - 2*m - 8 = 0. Let s(y) = m*v(y) + 9*q(y). What is s(4)?
-1
Let i(h) = -h + 1. Let c(u) = -u**3 + 6*u**2 - 9*u + 9. Let t be c(4). Give i(t).
-4
Suppose l - 7 = s, -5 = s - 2*l + 7. Let x(t) be the first derivative of t**4/4 + t**3 - 2*t + 2. Determine x(s).
2
Let k(q) be the second derivative of -q**3/6 + q**2 - 40*q. Let y be (-12)/(6/(-2)) - 0. Calculate k(y).
-2
Let v(y) be the second derivative of -y**7/840 - y**6/360 + y**5/120 - y**4/24 + y**3/2 - 4*y. Let i(r) be the second derivative of v(r). What is i(1)?
-2
Let a(i) = -i**2 + 6. Let w(h) = -h**2 + 10*h + 11. Let j be w(11). Determine a(j).
6
Let p(z) = 8*z**2. Let l be ((-3)/(-4))/(1/(-4)). Suppose -2*y + 8 = -2*s, 4*s + 3*y + 2*y - 2 = 0. Let m = l - s. Give p(m).
8
Let s(y) = -3*y - 1. Let m = -34 - -16. Let h be 4/m - 7/9. Determine s(h).
2
Let n(h) = -2*h - 10*h + 10*h. Determine n(-3).
6
Let y(a) = -3*a - 3. Let r(c) = -c. Let k(h) = -9*r(h) + y(h). What is k(2)?
9
Let f(s) = s. Let r(m) = m + 3. Let v(u) = -6*f(u) - 2*r(u). Let o(y) = -4 - 12*y + 3*y - 2. Let t(n) = -5*o(n) + 6*v(n). Determine t(-4).
6
Let w(h) = 0 - 9 + 0 - 4 - h. Give w(0).
-13
Let u(x) = 12*x. Let r be 14/4 - 9/6. Let g(j) = j**2. Let t be g(r). Suppose t*v = 2*v - 2. What is u(v)?
-12
Let j(d) = -2*d - 4*d**2 - 5*d + d**3 - 2 - d**2. Suppose -10 = -5*x + 20. Give j(x).
-8
Let b(q) = q + q**2 - q + q + 2 + 0*q. Give b(-4).
14
Let z = 4 + 1. Let i(j) = j**3 - 7*j**2 + 5*j + 6. What is i(z)?
-19
Let p(i) = i**2 - 7*i + 4. Let y be p(7). Suppose 3*o - y*z = -0*o - 14, -2 = 4*o + 3*z. Let q(b) = 5*b - 2. Calculate q(o).
-12
Let z = -8 + 12. Let m(j) = -2*j + z*j + 3*j - 4*j - 6. What is m(6)?
0
Suppose 19 = -3*f + 7*f - 3*m, 0 = 3*f + 2*m - 10. Let h(l) be the second derivative of l**5/20 - 5*l**4/12 + 5*l**3/6 - 3*l**2/2 + l. What is h(f)?
1
Let g be -2 - 20/28 - 2/7. Let f be -4*(-2 + 3 + -2). Let p(b) = -5*b**2 - 4*b + 4 - b**3 - f. What is p(g)?
-6
Let c = 18 - 29. Suppose 4 = -5*k + 5*o - 31, 0 = 3*k - 2*o + 21. Let q = k - c. Let s(m) = -m**3 + 3*m**2 + 5*m + 2. Give s(q).
6
Let m(i) = -i - 9. Let h = -22 + 17. Determine m(h).
-4
Let b(z) = z**3 - 4*z**2 - 6*z + 5. Let t(x) = x - 2*x + 3 - 4 - 3*x + x**3 - 4*x**2. Let k be t(5). Suppose -20 = k*s - 8*s. What is b(s)?
0
Let r(f) = -f**2 - 4*f + 3. Let d be 1/(5/(-2))*(12 + 3). Give r(d).
-9
Let f = 11 - 8. Let t = f + 0. Let l(u) = u + 0*u - t*u. Determine l(-1).
2
Let a(u) = u**2 - 2*u + 1. Suppose 3*n + 3*d - 18 = 0, 2*n + 4*d - 28 = -8. Let b = -1 + n. Determine a(b).
0
Let t(z) = z**2 + 2*z + 2. Let w = 28 - 25. Suppose 0*o = -o + w. Determine t(o).
17
Let f be -2*-1*(-14)/4. Let x(s) = s**2 + 7*s - 8. Calculate x(f).
-8
Let k(m) = -m**3 + 9*m**2 - 9*m - 11. Let f(d) = -d**3 - 3*d**2 - d + 5. Let n be f(-3). What is k(n)?
-19
Let f(c) = c**2 - 3*c + 2. Let r = -3 - 2. Let q = r + 7. Suppose q*k = 5 + 3. What is f(k)?
6
Let m = -37 - -43. Let h(o) = -o + 7. What is h(m)?
1
Let h(u) = u + 1. Suppose -3*i + 5 = -1. Suppose -t - i*t - 3 = 0. Let l be h(t). Let w(p) = -p. Determine w(l).
0
Let k(x) = -2 + 2 + 4 - x**2 + 3*x. Suppose -5*d + 25 = -0*d. Determine k(d).
-6
Let r(v) = -v**2 + 4*v + 11. Suppose -x - 4 = -10. Let o be r(x). Let h(j) = -5*j - 1. What is h(o)?
4
Let d(a) be the first derivative of -3*a - a**2 + 2*a - 3 + 0*a. Let z be d(-1). Let r(n) = 3*n. Give r(z).
3
Let c(q) = 7*q + 1 - 9*q**2 - 7 + q**3 - q**2 + 3*q**2. Determine c(6).
0
Let o(r) = r**3 + 3*r**2 - 1. Let p be (2/3)/((-4)/(-6)). Let k = -3 + p. Give o(k).
3
Let l(u) = -u**3 - u**2. Let p(x) = 4*x**3 + 2*x**2 + 4*x - 1. Suppose -4*h + 9 - 32 = -n, 0 = -n + 3. Let j(b) = h*l(b) - p(b). Determine j(-4).
1
Let j = 98 - 93. Let b(v) = v**3 - 5*v**2 - 2. What is b(j)?
-2
Let s(n) be the third derivative of n**5/60 - n**4/8 - n**3/3 - 14*n**2. Let k be 8/28 + (-26)/(-7). Determine s(k).
2
Let c(g) = -9. Let y(s) = -s + 11. Let x(f) = -4*c(f) - 3*y(f). Let h be -1 + (-2)/4*2. What is x(h)?
-3
Let f(v) = v**2 - 2*v - 3. Let k(g) = -g**2 + 3*g + 4. Let u(m) = -3*f(m) - 2*k(m). Calculate u(2).
-3
Let d = 18 - 11. Suppose 0 = 5*p + d - 67. Suppose 0 - p = -3*b. Let m(j) = -j**3 + 4*j**2 + 4. Give m(b).
4
Let o(s) = 3*s - 6. Let c = 94 + -90. Determine o(c).
6
Let l(o) = -2*o + 4. Suppose p - 13 = -2*t, t + 0*t = 5. Let b be p/(-6) + (-27)/(-6). Determine l(b).
-4
Let i(q) = -12*q**2 - q**3 + 2*q**2 + 7 + 5*q**2 - q. Let f(t) be the first derivative of t**4/4 + 2*t**3/3 + 2*t**2 + 3*t + 1. Let o be f(-2). Give i(o).
12
Let o(d) = 4*d - 4 - 1 + 0 - d**2 + 7. What is o(4)?
2
Let g be (2 - -4) + (-4)/2. Let u(y) = -24 + y - g*y + 24. Determine u(-2).
6
Let k(g) = 8*g + 0 - 2 - 3*g. Suppose 0 = 2*q - 3*q + 5. Suppose 2*i + 21 = -0*x + q*x, -3*x + 15 = 0. Calculate k(i).
8
Let b(t) = -1 + 5*t + 18*t**2 - 9*t**2 - 7*t**2. What is b(-4)?
11
Let j = -2 + 5. Let s(g) be the first derivative of g**3/3 - g**2/2 - g + 12. Determine s(j).
5
Let j(q) = -4*q**2 - 20*q**3 + 27*q**3 - 6*q**3 - 4 - 2*q. Determine j(4).
-12
Let k(q) = q**3 + 5*q**2 + 5*q + 3. Suppose 3*l + 5*z + 47 = 0, 0*l = -4*l + 4*z - 116. Let b be 3/(-4) + 54/l. What is k(b)?
6
Let p(z) = z**2 - 5. Suppose 5*k = 2*k - 9, 0 = 5*v + k + 3. What is p(v)?
-5
Let g(o) be the third derivative of -o**7/2520 - o**6/90 - o**5/30 + o**4/12 + o**2. Let j(b) be the second derivative of g(b). What is j(-6)?
8
Let m(q) = -19*q - 17*q + 34*q. Give m(3).
-6
Let m(j) be the first derivative of j**4/4 - 5*j**3/3 - 7*j**2/2 - 5*j - 5. Calculate m(6).
-11
Let p(s) = -s**2 + 5. Let l(g) = 1 - g**2 + 0*g**2 + 